{"id":387,"date":"2025-01-07T15:09:38","date_gmt":"2025-01-07T14:09:38","guid":{"rendered":"http:\/\/fonax.eu\/?post_type=product&#038;p=387"},"modified":"2025-01-10T15:08:37","modified_gmt":"2025-01-10T14:08:37","slug":"laser-stomatologiczny-cheese-plus-4","status":"publish","type":"product","link":"http:\/\/fonax.eu\/?product=laser-stomatologiczny-cheese-plus-4","title":{"rendered":"Laser stomatologiczny Cheese Plus 4"},"content":{"rendered":"<p>Nowoczesny laser stomatologiczny <strong>Cheese plus 4<\/strong> to innowacyjne urz\u0105dzenie, kt\u00f3re \u0142\u0105czy w sobie a\u017c cztery r\u00f3\u017cne d\u0142ugo\u015bci fal: 650nm, 450nm, 980nm oraz 810nm.<br \/>\nDzi\u0119ki tej wszechstronno\u015bci, lekarze denty\u015bci maj\u0105 mo\u017cliwo\u015b\u0107 precyzyjnego dostosowania terapii do indywidualnych potrzeb ka\u017cdego pacjenta, co znacz\u0105co zwi\u0119ksza efektywno\u015b\u0107 leczenia.<br \/>\nLaser wyposa\u017cony jest w intuicyjny interfejs z ekranem dotykowym. W panelu predefiniowane s\u0105 ustawienia zabieg\u00f3w<\/p>\n<p><strong>Laser posiada 4 d\u0142ugo\u015bci fal<\/strong><\/p>\n<ul>\n<li>650 nm (500 mW) &#8211; Stosowany w terapii b\u00f3lowej oraz przyspieszaniu gojenia tkanek. Idealny do leczenia stan\u00f3w zapalnych oraz regeneracji tkanek. Skutecznie \u0142agodzi b\u00f3l i<br \/>\nwspomaga procesy gojenia.<\/li>\n<li>450 nm (5W) &#8211; Doskona\u0142y w stomatologii estetycznej. Pomaga w redukcji przebarwie\u0144 oraz poprawia kondycj\u0119 sk\u00f3ry. Wysoka moc umo\u017cliwia szybkie i efektywne dzia\u0142anie na tkanki.<\/li>\n<li>980 nm (10W) &#8211; Stosowany w chirurgii stomatologicznej, szczeg\u00f3lnie przy usuwaniu tkanek mi\u0119kkich. Umo\u017cliwia precyzyjne ci\u0119cie oraz koagulacj\u0119, minimalizuj\u0105c krwawienie.<br \/>\nDzi\u0119ki du\u017cej mocy i g\u0142\u0119boko\u015bci penetracji, umo\u017cliwia szybkie i skuteczne zabiegi.<\/li>\n<li>810 nm (10W) &#8211; Wykorzystywany w terapii b\u00f3lowej oraz w leczeniu chor\u00f3b przyz\u0119bia. Dzia\u0142a przeciwzapalnie i wspomaga regeneracj\u0119 tkanek<\/li>\n<\/ul>\n<p><strong>Akcesoria standardowe:<\/strong><br \/>\n2 szt. okular\u00f3w ochronnych,<br \/>\n1 szt. blokady,<br \/>\n1 szt. uchwyt \u015bwiat\u0142odowu,<br \/>\n1 szt. kabla i 1 szt. etui,<br \/>\n1 zestaw ko\u0144c\u00f3wek stomatologicznych (z wybielaczem, biostymulacj\u0105 i 30 szt. jednorazowych ko\u0144c\u00f3wek chirurgicznych)<\/p>\n<p><strong>Pobierz katalog <a href=\"http:\/\/fonax.eu\/wp-content\/uploads\/2025\/01\/Cheese-plus-4.pdf\" target=\"_blank\" rel=\"noopener\">Cheese Plus 4<\/a><\/strong><\/p>\n<p>&nbsp;<\/p>\n<div style=\"width: 848px;\" class=\"wp-video\"><video class=\"wp-video-shortcode\" id=\"video-387-1\" width=\"848\" height=\"480\" preload=\"metadata\" controls=\"controls\"><source type=\"video\/mp4\" src=\"http:\/\/fonax.eu\/wp-content\/uploads\/2025\/01\/Wideo-WhatsApp-2025-01-10-o-10.00.18_27cf9732.mp4?_=1\" \/><a href=\"http:\/\/fonax.eu\/wp-content\/uploads\/2025\/01\/Wideo-WhatsApp-2025-01-10-o-10.00.18_27cf9732.mp4\">http:\/\/fonax.eu\/wp-content\/uploads\/2025\/01\/Wideo-WhatsApp-2025-01-10-o-10.00.18_27cf9732.mp4<\/a><\/video><\/div>\n","protected":false},"excerpt":{"rendered":"<p>Nowoczesny laser stomatologiczny Cheese plus 4 to innowacyjne urz\u0105dzenie, kt\u00f3re \u0142\u0105czy w sobie a\u017c cztery r\u00f3\u017cne d\u0142ugo\u015bci fal: 650nm, 450nm, 980nm oraz 810nm. Dzi\u0119ki tej wszechstronno\u015bci, lekarze denty\u015bci maj\u0105 mo\u017cliwo\u015b\u0107 precyzyjnego dostosowania terapii do indywidualnych potrzeb ka\u017cdego pacjenta, co znacz\u0105co zwi\u0119ksza efektywno\u015b\u0107 leczenia. Laser wyposa\u017cony&hellip;<\/p>\n","protected":false},"featured_media":397,"comment_status":"open","ping_status":"closed","template":"","meta":[],"product_cat":[67],"product_tag":[],"class_list":{"0":"post-387","1":"product","2":"type-product","3":"status-publish","4":"has-post-thumbnail","6":"product_cat-stomatologia","8":"first","9":"instock","10":"taxable","11":"shipping-taxable","12":"purchasable","13":"product-type-simple"},"jetpack_sharing_enabled":true,"_links":{"self":[{"href":"http:\/\/fonax.eu\/index.php?rest_route=\/wp\/v2\/product\/387","targetHints":{"allow":["GET"]}}],"collection":[{"href":"http:\/\/fonax.eu\/index.php?rest_route=\/wp\/v2\/product"}],"about":[{"href":"http:\/\/fonax.eu\/index.php?rest_route=\/wp\/v2\/types\/product"}],"replies":[{"embeddable":true,"href":"http:\/\/fonax.eu\/index.php?rest_route=%2Fwp%2Fv2%2Fcomments&post=387"}],"wp:featuredmedia":[{"embeddable":true,"href":"http:\/\/fonax.eu\/index.php?rest_route=\/wp\/v2\/media\/397"}],"wp:attachment":[{"href":"http:\/\/fonax.eu\/index.php?rest_route=%2Fwp%2Fv2%2Fmedia&parent=387"}],"wp:term":[{"taxonomy":"product_cat","embeddable":true,"href":"http:\/\/fonax.eu\/index.php?rest_route=%2Fwp%2Fv2%2Fproduct_cat&post=387"},{"taxonomy":"product_tag","embeddable":true,"href":"http:\/\/fonax.eu\/index.php?rest_route=%2Fwp%2Fv2%2Fproduct_tag&post=387"}],"curies":[{"name":"wp","href":"https:\/\/api.w.org\/{rel}","templated":true}]}}