{"id":346,"date":"2024-12-20T12:20:37","date_gmt":"2024-12-20T11:20:37","guid":{"rendered":"http:\/\/fonax.eu\/?post_type=product&#038;p=346"},"modified":"2024-12-23T12:11:54","modified_gmt":"2024-12-23T11:11:54","slug":"kabina-audiometryczna-s-premium-a","status":"publish","type":"product","link":"http:\/\/fonax.eu\/?product=kabina-audiometryczna-s-premium-a","title":{"rendered":"Kabina audiometryczna S-Premium A"},"content":{"rendered":"<p>Kabiny audiometryczne S-Premium to kabiny o najwy\u017cszych parametrach t\u0142umienia. Wn\u0119trze kabiny wyposa\u017cone jest w standardzie w panele zmywalne. Wewn\u0105trz zainstalowana jest wentylacja wymuszona.<\/p>\n<p>40 to seria kabin diagnostycznych o stopniu t\u0142umienia a\u017c 50 dB. Idealna dla o\u015brodk\u00f3w medycyny pracy, centr\u00f3w konsultacji laryngologicznych i centr\u00f3w aparat\u00f3w s\u0142uchowych.\u00a0Jest kompatybilna ze wszystkimi audiometrami dost\u0119pnymi na rynku, w tym komputerowymi.<br \/>\nKorzystna cena przy dobrych parametrach t\u0142umienia i wysokiej funkcjonalno\u015bci zadowoli nawet wymagaj\u0105cych klient\u00f3w. Powierzchnie zewn\u0119trzne wykonane s\u0105 \u0142atwo zmywalnych materia\u0142\u00f3w, kabina ma elegancki wygl\u0105d. Wewn\u0105trz kabiny zainstalowane jest o\u015bwietlenie<\/p>\n<p>Kabina dost\u0119pna jest rozmiarach:<\/p>\n<table class=\"modelos\" style=\"height: 333px;\" width=\"360\">\n<tbody>\n<tr>\n<td class=\"title\" width=\"63\">Model A<\/td>\n<td width=\"113\">129x129x212<\/td>\n<\/tr>\n<tr>\n<td class=\"title\" width=\"63\">Model B<\/td>\n<td width=\"113\">138x106x222<\/td>\n<\/tr>\n<tr>\n<td class=\"title\" width=\"63\">Model C<\/td>\n<td width=\"113\">198x168x222<\/td>\n<\/tr>\n<tr>\n<td class=\"title\" width=\"63\">Model D<\/td>\n<td width=\"113\">198x198x222<\/td>\n<\/tr>\n<tr>\n<td class=\"title\" width=\"63\">Model E<\/td>\n<td width=\"113\">228x198x222<\/td>\n<\/tr>\n<tr>\n<td class=\"title\" width=\"63\">Model F<\/td>\n<td width=\"113\">228x228x222<\/td>\n<\/tr>\n<tr>\n<td class=\"title\" width=\"63\">Model G<\/td>\n<td width=\"113\">258x228x222<\/td>\n<\/tr>\n<tr>\n<td class=\"title\" width=\"63\">Model H<\/td>\n<td width=\"113\">258x258x222<\/td>\n<\/tr>\n<tr>\n<td class=\"title\" width=\"63\">Model I<\/td>\n<td width=\"113\">288x258x222<\/td>\n<\/tr>\n<tr>\n<td class=\"title\" width=\"63\">Model J<\/td>\n<td width=\"113\">288x288x222<\/td>\n<\/tr>\n<tr>\n<td class=\"title\" width=\"63\">Model K<\/td>\n<td width=\"113\">wymiary specjalne<\/td>\n<\/tr>\n<\/tbody>\n<\/table>\n<p>Akcesoria dodatkowe:<br \/>\n&#8211; podjazd dla w\u00f3zk\u00f3w inwalidzkich<br \/>\n&#8211; k\u00f3\u0142ka<br \/>\n&#8211; panele zmywalne wewn\u0119trzne deluxe 100%<\/p>\n\n\t\t<style type=\"text\/css\">\n\t\t\t#gallery-1 {\n\t\t\t\tmargin: auto;\n\t\t\t}\n\t\t\t#gallery-1 .gallery-item {\n\t\t\t\tfloat: left;\n\t\t\t\tmargin-top: 10px;\n\t\t\t\ttext-align: center;\n\t\t\t\twidth: 33%;\n\t\t\t}\n\t\t\t#gallery-1 img {\n\t\t\t\tborder: 2px solid #cfcfcf;\n\t\t\t}\n\t\t\t#gallery-1 .gallery-caption {\n\t\t\t\tmargin-left: 0;\n\t\t\t}\n\t\t\t\/* see gallery_shortcode() in wp-includes\/media.php *\/\n\t\t<\/style>\n\t\t<div id='gallery-1' class='gallery galleryid-346 gallery-columns-3 gallery-size-thumbnail'><dl class='gallery-item'>\n\t\t\t<dt class='gallery-icon landscape'>\n\t\t\t\t<a href='http:\/\/fonax.eu\/?attachment_id=347'><img loading=\"lazy\" decoding=\"async\" width=\"150\" height=\"150\" src=\"http:\/\/fonax.eu\/wp-content\/uploads\/2024\/12\/S-premium-materialy-ekologiczne-150x150.jpg\" class=\"attachment-thumbnail size-thumbnail\" alt=\"S-Premium Materialy ekologiczne\" aria-describedby=\"gallery-1-347\" srcset=\"http:\/\/fonax.eu\/wp-content\/uploads\/2024\/12\/S-premium-materialy-ekologiczne-150x150.jpg 150w, http:\/\/fonax.eu\/wp-content\/uploads\/2024\/12\/S-premium-materialy-ekologiczne-300x300.jpg 300w, http:\/\/fonax.eu\/wp-content\/uploads\/2024\/12\/S-premium-materialy-ekologiczne-100x100.jpg 100w\" sizes=\"auto, (max-width: 150px) 100vw, 150px\" \/><\/a>\n\t\t\t<\/dt>\n\t\t\t\t<dd class='wp-caption-text gallery-caption' id='gallery-1-347'>\n\t\t\t\tS-Premium materia\u0142y ekologiczne\n\t\t\t\t<\/dd><\/dl><dl class='gallery-item'>\n\t\t\t<dt class='gallery-icon landscape'>\n\t\t\t\t<a href='http:\/\/fonax.eu\/?attachment_id=348'><img loading=\"lazy\" decoding=\"async\" width=\"150\" height=\"150\" src=\"http:\/\/fonax.eu\/wp-content\/uploads\/2024\/12\/S-premium-oswietlenie-150x150.jpg\" class=\"attachment-thumbnail size-thumbnail\" alt=\"S-Premium o\u015bwietlenie\" aria-describedby=\"gallery-1-348\" srcset=\"http:\/\/fonax.eu\/wp-content\/uploads\/2024\/12\/S-premium-oswietlenie-150x150.jpg 150w, http:\/\/fonax.eu\/wp-content\/uploads\/2024\/12\/S-premium-oswietlenie-300x300.jpg 300w, http:\/\/fonax.eu\/wp-content\/uploads\/2024\/12\/S-premium-oswietlenie-100x100.jpg 100w\" sizes=\"auto, (max-width: 150px) 100vw, 150px\" \/><\/a>\n\t\t\t<\/dt>\n\t\t\t\t<dd class='wp-caption-text gallery-caption' id='gallery-1-348'>\n\t\t\t\tS-Premium o\u015bwietlenie\n\t\t\t\t<\/dd><\/dl><dl class='gallery-item'>\n\t\t\t<dt class='gallery-icon landscape'>\n\t\t\t\t<a href='http:\/\/fonax.eu\/?attachment_id=349'><img loading=\"lazy\" decoding=\"async\" width=\"150\" height=\"150\" src=\"http:\/\/fonax.eu\/wp-content\/uploads\/2024\/12\/S-premium-podjazd-150x150.jpg\" class=\"attachment-thumbnail size-thumbnail\" alt=\"S-Premium podjazd\" aria-describedby=\"gallery-1-349\" srcset=\"http:\/\/fonax.eu\/wp-content\/uploads\/2024\/12\/S-premium-podjazd-150x150.jpg 150w, http:\/\/fonax.eu\/wp-content\/uploads\/2024\/12\/S-premium-podjazd-100x100.jpg 100w\" sizes=\"auto, (max-width: 150px) 100vw, 150px\" \/><\/a>\n\t\t\t<\/dt>\n\t\t\t\t<dd class='wp-caption-text gallery-caption' id='gallery-1-349'>\n\t\t\t\tS-Premium podjazd\n\t\t\t\t<\/dd><\/dl><br style=\"clear: both\" \/><dl class='gallery-item'>\n\t\t\t<dt class='gallery-icon landscape'>\n\t\t\t\t<a href='http:\/\/fonax.eu\/?attachment_id=350'><img loading=\"lazy\" decoding=\"async\" width=\"150\" height=\"150\" src=\"http:\/\/fonax.eu\/wp-content\/uploads\/2024\/12\/S-premium-stolik-150x150.jpg\" class=\"attachment-thumbnail size-thumbnail\" alt=\"Kabina audiometryczna S-Premium biurko\" aria-describedby=\"gallery-1-350\" srcset=\"http:\/\/fonax.eu\/wp-content\/uploads\/2024\/12\/S-premium-stolik-150x150.jpg 150w, http:\/\/fonax.eu\/wp-content\/uploads\/2024\/12\/S-premium-stolik-300x300.jpg 300w, http:\/\/fonax.eu\/wp-content\/uploads\/2024\/12\/S-premium-stolik-100x100.jpg 100w\" sizes=\"auto, (max-width: 150px) 100vw, 150px\" \/><\/a>\n\t\t\t<\/dt>\n\t\t\t\t<dd class='wp-caption-text gallery-caption' id='gallery-1-350'>\n\t\t\t\tS-Premium biurko\n\t\t\t\t<\/dd><\/dl><dl class='gallery-item'>\n\t\t\t<dt class='gallery-icon landscape'>\n\t\t\t\t<a href='http:\/\/fonax.eu\/?attachment_id=351'><img loading=\"lazy\" decoding=\"async\" width=\"150\" height=\"150\" src=\"http:\/\/fonax.eu\/wp-content\/uploads\/2024\/12\/S-premium-wentylacja-wymuszona-150x150.jpg\" class=\"attachment-thumbnail size-thumbnail\" alt=\"S-Premium wentylacja wymuszona\" aria-describedby=\"gallery-1-351\" srcset=\"http:\/\/fonax.eu\/wp-content\/uploads\/2024\/12\/S-premium-wentylacja-wymuszona-150x150.jpg 150w, http:\/\/fonax.eu\/wp-content\/uploads\/2024\/12\/S-premium-wentylacja-wymuszona-100x100.jpg 100w\" sizes=\"auto, (max-width: 150px) 100vw, 150px\" \/><\/a>\n\t\t\t<\/dt>\n\t\t\t\t<dd class='wp-caption-text gallery-caption' id='gallery-1-351'>\n\t\t\t\tS-Premium wentylacja wymuszona\n\t\t\t\t<\/dd><\/dl><dl class='gallery-item'>\n\t\t\t<dt class='gallery-icon landscape'>\n\t\t\t\t<a href='http:\/\/fonax.eu\/?attachment_id=352'><img loading=\"lazy\" decoding=\"async\" width=\"150\" height=\"150\" src=\"http:\/\/fonax.eu\/wp-content\/uploads\/2024\/12\/S-premium-zmywalne-panele-150x150.jpg\" class=\"attachment-thumbnail size-thumbnail\" alt=\"S-Premium podjazd\" aria-describedby=\"gallery-1-352\" srcset=\"http:\/\/fonax.eu\/wp-content\/uploads\/2024\/12\/S-premium-zmywalne-panele-150x150.jpg 150w, http:\/\/fonax.eu\/wp-content\/uploads\/2024\/12\/S-premium-zmywalne-panele-100x100.jpg 100w\" sizes=\"auto, (max-width: 150px) 100vw, 150px\" \/><\/a>\n\t\t\t<\/dt>\n\t\t\t\t<dd class='wp-caption-text gallery-caption' id='gallery-1-352'>\n\t\t\t\tS-Premium podjazd\n\t\t\t\t<\/dd><\/dl><br style=\"clear: both\" \/><dl class='gallery-item'>\n\t\t\t<dt class='gallery-icon landscape'>\n\t\t\t\t<a href='http:\/\/fonax.eu\/?attachment_id=353'><img loading=\"lazy\" decoding=\"async\" width=\"150\" height=\"150\" src=\"http:\/\/fonax.eu\/wp-content\/uploads\/2024\/12\/S-premium-150x150.jpg\" class=\"attachment-thumbnail size-thumbnail\" alt=\"S-Premium\" aria-describedby=\"gallery-1-353\" srcset=\"http:\/\/fonax.eu\/wp-content\/uploads\/2024\/12\/S-premium-150x150.jpg 150w, http:\/\/fonax.eu\/wp-content\/uploads\/2024\/12\/S-premium-300x300.jpg 300w, http:\/\/fonax.eu\/wp-content\/uploads\/2024\/12\/S-premium-600x600.jpg 600w, http:\/\/fonax.eu\/wp-content\/uploads\/2024\/12\/S-premium-100x100.jpg 100w, http:\/\/fonax.eu\/wp-content\/uploads\/2024\/12\/S-premium.jpg 700w\" sizes=\"auto, (max-width: 150px) 100vw, 150px\" \/><\/a>\n\t\t\t<\/dt>\n\t\t\t\t<dd class='wp-caption-text gallery-caption' id='gallery-1-353'>\n\t\t\t\tS-Premium\n\t\t\t\t<\/dd><\/dl>\n\t\t\t<br style='clear: both' \/>\n\t\t<\/div>\n\n<p><iframe loading=\"lazy\" title=\"Audiometric booths\" width=\"1140\" height=\"641\" src=\"https:\/\/www.youtube.com\/embed\/37zV1K8at5g?feature=oembed\" frameborder=\"0\" allow=\"accelerometer; autoplay; clipboard-write; encrypted-media; gyroscope; picture-in-picture; web-share\" referrerpolicy=\"strict-origin-when-cross-origin\" allowfullscreen><\/iframe><\/p>\n","protected":false},"excerpt":{"rendered":"<p>Kabiny audiometryczne S-Premium to kabiny o najwy\u017cszych parametrach t\u0142umienia. Wn\u0119trze kabiny wyposa\u017cone jest w standardzie w panele zmywalne. Wewn\u0105trz zainstalowana jest wentylacja wymuszona. 40 to seria kabin diagnostycznych o stopniu t\u0142umienia a\u017c 50 dB. Idealna dla o\u015brodk\u00f3w medycyny pracy, centr\u00f3w konsultacji laryngologicznych i centr\u00f3w aparat\u00f3w&hellip;<\/p>\n","protected":false},"featured_media":366,"comment_status":"open","ping_status":"closed","template":"","meta":[],"product_cat":[60,17],"product_tag":[40,63,62,61],"class_list":{"0":"post-346","1":"product","2":"type-product","3":"status-publish","4":"has-post-thumbnail","6":"product_cat-kabiny-audiometryczne","7":"product_cat-larynglogia","8":"product_tag-audiometr","9":"product_tag-kabina","10":"product_tag-sibel","11":"product_tag-sibelmed","13":"first","14":"instock","15":"taxable","16":"shipping-taxable","17":"purchasable","18":"product-type-simple"},"jetpack_sharing_enabled":true,"_links":{"self":[{"href":"http:\/\/fonax.eu\/index.php?rest_route=\/wp\/v2\/product\/346","targetHints":{"allow":["GET"]}}],"collection":[{"href":"http:\/\/fonax.eu\/index.php?rest_route=\/wp\/v2\/product"}],"about":[{"href":"http:\/\/fonax.eu\/index.php?rest_route=\/wp\/v2\/types\/product"}],"replies":[{"embeddable":true,"href":"http:\/\/fonax.eu\/index.php?rest_route=%2Fwp%2Fv2%2Fcomments&post=346"}],"wp:featuredmedia":[{"embeddable":true,"href":"http:\/\/fonax.eu\/index.php?rest_route=\/wp\/v2\/media\/366"}],"wp:attachment":[{"href":"http:\/\/fonax.eu\/index.php?rest_route=%2Fwp%2Fv2%2Fmedia&parent=346"}],"wp:term":[{"taxonomy":"product_cat","embeddable":true,"href":"http:\/\/fonax.eu\/index.php?rest_route=%2Fwp%2Fv2%2Fproduct_cat&post=346"},{"taxonomy":"product_tag","embeddable":true,"href":"http:\/\/fonax.eu\/index.php?rest_route=%2Fwp%2Fv2%2Fproduct_tag&post=346"}],"curies":[{"name":"wp","href":"https:\/\/api.w.org\/{rel}","templated":true}]}}