{"id":129,"date":"2024-09-17T13:24:35","date_gmt":"2024-09-17T11:24:35","guid":{"rendered":"http:\/\/fonax.eu\/?post_type=product&#038;p=129"},"modified":"2024-09-17T14:41:53","modified_gmt":"2024-09-17T12:41:53","slug":"kaloryzator-powietrzny-ct","status":"publish","type":"product","link":"http:\/\/fonax.eu\/?product=kaloryzator-powietrzny-ct","title":{"rendered":"Kaloryzator powietrzny CT"},"content":{"rendered":"<p>Kaloryzator powietrzny Kaloristar\u00a0 CT z aktywnym systemem ch\u0142odzenia poni\u017cej 7<span style=\"font-family: Times New Roman, serif;\">\u00ba<\/span>C temperatury otoczenia. Korzystanie z powietrza zamiast wody jest wygodniejsze dla u\u017cytkownika jak i dla pacjenta<\/p>\n<p>Parametry:<br \/>\nBardzo cicha pompa powietrzna<br \/>\nZakres temperatur: 20<span style=\"font-family: Times New Roman, serif;\">\u00ba<\/span>C do 50<span style=\"font-family: Times New Roman, serif;\">\u00ba<\/span>C<br \/>\nAktywne ch\u0142odzenie 7<span style=\"font-family: Times New Roman, serif;\">\u00ba<\/span>C poni\u017cej temperatury otoczenia<br \/>\nDok\u0142adno\u015b\u0107 temperatury +-0,3<span style=\"font-family: Times New Roman, serif;\">\u00ba<\/span>C<br \/>\nInterfejs sterowania: izolowane USB<br \/>\nAutomatyczny tryb czuwania po kaloryzacji<br \/>\nWymiary: 240x10x260mm<br \/>\nWaga: 4 kg<\/p>\n<p><strong>Pobierz katalog\u00a0<a href=\"http:\/\/fonax.eu\/wp-content\/uploads\/2024\/09\/Kaloryzator-Kaloristar-CT.pdf\" target=\"_blank\" rel=\"noopener\">Kaloryzator Kaloristar CT<\/a><\/strong><\/p>\n<p>&nbsp;<\/p>\n","protected":false},"excerpt":{"rendered":"<p>Kaloryzator powietrzny Kaloristar\u00a0 CT z aktywnym systemem ch\u0142odzenia poni\u017cej 7<span style=\"font-family: Times New Roman, serif;\">\u00ba<\/span>C temperatury otoczenia.<\/p>\n","protected":false},"featured_media":131,"comment_status":"open","ping_status":"closed","template":"","meta":[],"product_cat":[17,30],"product_tag":[34,29],"class_list":{"0":"post-129","1":"product","2":"type-product","3":"status-publish","4":"has-post-thumbnail","6":"product_cat-larynglogia","7":"product_cat-uklad-rownowagi","8":"product_tag-kaloryzator","9":"product_tag-vng","11":"first","12":"instock","13":"taxable","14":"shipping-taxable","15":"purchasable","16":"product-type-simple"},"jetpack_sharing_enabled":true,"_links":{"self":[{"href":"http:\/\/fonax.eu\/index.php?rest_route=\/wp\/v2\/product\/129","targetHints":{"allow":["GET"]}}],"collection":[{"href":"http:\/\/fonax.eu\/index.php?rest_route=\/wp\/v2\/product"}],"about":[{"href":"http:\/\/fonax.eu\/index.php?rest_route=\/wp\/v2\/types\/product"}],"replies":[{"embeddable":true,"href":"http:\/\/fonax.eu\/index.php?rest_route=%2Fwp%2Fv2%2Fcomments&post=129"}],"wp:featuredmedia":[{"embeddable":true,"href":"http:\/\/fonax.eu\/index.php?rest_route=\/wp\/v2\/media\/131"}],"wp:attachment":[{"href":"http:\/\/fonax.eu\/index.php?rest_route=%2Fwp%2Fv2%2Fmedia&parent=129"}],"wp:term":[{"taxonomy":"product_cat","embeddable":true,"href":"http:\/\/fonax.eu\/index.php?rest_route=%2Fwp%2Fv2%2Fproduct_cat&post=129"},{"taxonomy":"product_tag","embeddable":true,"href":"http:\/\/fonax.eu\/index.php?rest_route=%2Fwp%2Fv2%2Fproduct_tag&post=129"}],"curies":[{"name":"wp","href":"https:\/\/api.w.org\/{rel}","templated":true}]}}