{"id":110,"date":"2024-09-05T13:40:24","date_gmt":"2024-09-05T11:40:24","guid":{"rendered":"http:\/\/fonax.eu\/?post_type=product&#038;p=110"},"modified":"2024-10-22T16:11:30","modified_gmt":"2024-10-22T14:11:30","slug":"audiometr-potencjalow-wywolanych-z-pnia-mozgu-bera-4000","status":"publish","type":"product","link":"http:\/\/fonax.eu\/?product=audiometr-potencjalow-wywolanych-z-pnia-mozgu-bera-4000","title":{"rendered":"Audiometr potencja\u0142\u00f3w wywo\u0142anych z pnia m\u00f3zgu  BERA 4000"},"content":{"rendered":"<p>Modu\u0142 ABR\/BERA firmy HOMOTH to audiometr do pomiar\u00f3w potencja\u0142\u00f3w wywo\u0142anych z pnia m\u00f3zgu w czasie rzeczywistym. BERA daje ogromne mo\u017cliwo\u015bci dzi\u0119ki zastosowaniu<br \/>\nnajnowocze\u015bniejszych procesor\u00f3w, dzi\u0119ki czemu zmiany w wymaganiach diagnostyki mo\u017cna aktualizowa\u0107 poprzez wgranie nowszej wersji b\u0105d\u017a uzupe\u0142nienie oprogramowania.<br \/>\nNa oprogramowanie sk\u0142adaj\u0105 si\u0119 specjalnie wyselekcjonowane programy standardowe, tak aby ograniczy obs\u0142ug systemu jedynie do kilku kluczowych ruch\u00f3w. Ponadto<br \/>\nmo\u017cliwe jest stworzenie programu pomiarowego z mo\u017cliwo\u015bci przechowywania danych i zapisu indywidualnego wyboru parametr\u00f3w. Dodatkowo tryb EXPERT-MODE pozwala na tworzenie<br \/>\ni zmian ustawie w trakcie sesji pomiarowych, dzi\u0119ki czemu mo\u017cna dostosowa\u0107 sesj\u0119 do wymaga\u0144 pacjenta i sytuacji. Podczas badania mo\u017cna dokona pomiaru 16 krzywych i zapisa\u0107 je w pami\u0119ci<br \/>\ntymczasowej. Analizy \/ oceny wynik\u00f3w mo\u017cna dokona w p\u00f3\u017aniejszym czasie. Prezentacja krzywych oraz sterowanie urz\u0105dzeniem odbywa si za pomoc komputera klasy PC\/Laptop.<br \/>\nOprogramowanie w j\u0119zyku polskim<\/p>\n","protected":false},"excerpt":{"rendered":"<p>Modu\u0142 ABR\/BERA firmy HOMOTH to audiometr do pomiar\u00f3w potencja\u0142\u00f3w wywo\u0142anych z pnia m\u00f3zgu w czasie rzeczywistym.<\/p>\n","protected":false},"featured_media":111,"comment_status":"open","ping_status":"closed","template":"","meta":[],"product_cat":[17],"product_tag":[25,26,18],"class_list":{"0":"post-110","1":"product","2":"type-product","3":"status-publish","4":"has-post-thumbnail","6":"product_cat-larynglogia","7":"product_tag-abr","8":"product_tag-bera","9":"product_tag-homoth","11":"first","12":"onbackorder","13":"taxable","14":"shipping-taxable","15":"purchasable","16":"product-type-simple"},"jetpack_sharing_enabled":true,"_links":{"self":[{"href":"http:\/\/fonax.eu\/index.php?rest_route=\/wp\/v2\/product\/110","targetHints":{"allow":["GET"]}}],"collection":[{"href":"http:\/\/fonax.eu\/index.php?rest_route=\/wp\/v2\/product"}],"about":[{"href":"http:\/\/fonax.eu\/index.php?rest_route=\/wp\/v2\/types\/product"}],"replies":[{"embeddable":true,"href":"http:\/\/fonax.eu\/index.php?rest_route=%2Fwp%2Fv2%2Fcomments&post=110"}],"wp:featuredmedia":[{"embeddable":true,"href":"http:\/\/fonax.eu\/index.php?rest_route=\/wp\/v2\/media\/111"}],"wp:attachment":[{"href":"http:\/\/fonax.eu\/index.php?rest_route=%2Fwp%2Fv2%2Fmedia&parent=110"}],"wp:term":[{"taxonomy":"product_cat","embeddable":true,"href":"http:\/\/fonax.eu\/index.php?rest_route=%2Fwp%2Fv2%2Fproduct_cat&post=110"},{"taxonomy":"product_tag","embeddable":true,"href":"http:\/\/fonax.eu\/index.php?rest_route=%2Fwp%2Fv2%2Fproduct_tag&post=110"}],"curies":[{"name":"wp","href":"https:\/\/api.w.org\/{rel}","templated":true}]}}